) be the second derivative of 1/12*m**4 + 0 + 1/2*m**2 - 1/3*m**3 - 35*m. Calculate g(2).
1
Let a be (-58)/18 + (-4)/(-18). Let f be 28/(-35) - 58/(-10). Let s(z) = -1 - 2 + 6*z + f*z**2 + 0*z**2 - 4*z**2. Calculate s(a).
-12
Let y(b) be the first derivative of b**4/4 + 11*b**3/3 + 9*b**2 - 6*b - 90. Give y(-9).
-6
Suppose 12 = 4*h - 5*k, 2*k = 5*h - 8*h + 9. Let b(o) = 7*o - 4. What is b(h)?
17
Suppose -6*s - s - 28*s = -175. Let l(m) = -2*m + 3*m - 3*m + 7. Give l(s).
-3
Let h(b) = 2*b. Let x be (2/(-7))/((-4)/56). Suppose 4 = x*m - 8. Determine h(m).
6
Let p(f) = -2*f**2 + 38*f. Let h(b) = -b**2 + 18*b. Let l(c) = -13*h(c) + 6*p(c). Give l(9).
27
Let z(c) be the third derivative of c**4/24 - c**3 - 15*c**2. Let i be z(7). Let a(r) = 7*r + 1. Calculate a(i).
8
Let r(o) = -8*o**2 - 4*o**3 + 18 + 3*o**3 - 18. What is r(-8)?
0
Let n = -1492 - -1492. Let o(d) = -d + 3 + 3 - 4. Give o(n).
2
Let u(a) be the second derivative of -3*a**5/20 + a**4/6 + a**3/2 - a**2 + a. Let n = 332 - 330. What is u(n)?
-12
Let j(k) = 4*k - 15. Suppose -o - 16*n - 4 = -18*n, 4*o - n = 19. Give j(o).
9
Let t = 1845 + -1844. Let l(y) = y**3 + 2*y - 1. Determine l(t).
2
Let m = -18 - -11. Let f(z) = -z + z + 3 + 0 - z. Give f(m).
10
Let s(l) be the second derivative of -1/12*l**4 - l**3 - l**2 + 0 - 11*l. Give s(-4).
6
Let r(m) = m**2 + 3*m + 3. Let q(s) = -30*s**2 + 8*s + 8. Let n(j) = q(j) - 3*r(j). Determine n(-1).
-33
Let i(s) be the first derivative of -s**3/3 + 5*s**2 + 25*s + 671. What is i(12)?
1
Suppose -6 - 6 = -4*v. Let f(b) be the second derivative of b**6/360 - b**4/6 + b**3/2 + 2*b. Let t(z) be the second derivative of f(z). Give t(v).
5
Suppose -3*u + 60 = 4*b - 5*u, 4*u = -2*b + 30. Let i = 21 + -16. Suppose i*o = -0 - b. Let a(j) = 6*j + 4. Calculate a(o).
-14
Let i(r) = -2*r - 6. Suppose 2*d + 4*p + 16 = -2*d, 0 = -3*d - 5*p - 18. Let o be -4 + (-1 - 3 - d). Give i(o).
8
Let t(a) = -3*a**2 + 5*a + 31. Let q(r) = 5*r**2 - 6*r - 41. Let b(u) = 3*q(u) + 4*t(u). What is b(-4)?
41
Let p(n) = -n**2. Let v(b) = b**3 - 3*b**2 - b + 11. Let a(x) = -p(x) - v(x). Let k be a(4). Let c(l) = l**2 + 7*l + 7. Determine c(k).
7
Let s(z) = -4*z + 9*z - 76 - 3*z - 2*z + 4*z. What is s(20)?
4
Let w(x) be the third derivative of -2*x**5/15 - x**3/6 - 3*x**2 + 947. Let u(p) = p + 5. Let b be u(-6). Give w(b).
-9
Let w(n) = -5*n + 2237 + 2*n - 2236 + n. Suppose 3*u + 2*u - 9 = 2*v, -4*u - 2*v + 18 = 0. Determine w(u).
-5
Let d(p) = p**2 - 11*p + 4. Let c be d(11). Suppose l - 31 = -4*o, 0 = -c*o + 3*l - 0*l + 35. Let b(h) = -9*h + o + 11*h - 4. What is b(-5)?
-6
Let d be 4/(-12) - ((-19)/3 - 0). Let q(c) = -22*c**3 - 10 - 2*c - d*c**2 - 3*c**2 + 13*c**3 + 8*c**3. Give q(-9).
8
Let v(d) be the second derivative of -d**4/12 - d**3/6 - 2*d**2 - 5*d - 19. Let g(o) = -o**2 - 5*o - 4. Let s be g(-4). Suppose 7*i - 3*i = s. Give v(i).
-4
Let n(q) = -q**2 + 5. Let x(j) = 17*j + 82. Let a be x(-5). Give n(a).
-4
Let y(j) be the third derivative of -3*j**4/8 + j**3 - j**2 + 278*j. Determine y(-3).
33
Suppose 102 = -27*t + 75. Let z(y) = 8*y**3. Give z(t).
-8
Let l be -1*-2*2/2. Let g(j) = 11*j**l + 0*j**2 - j - 8*j**2 + j**2. Calculate g(-2).
18
Let f(o) = -3*o**2 + 2*o - 1. Let d be 77/7*(-10)/(-55). Determine f(d).
-9
Suppose -19 = -8*g + 21. Let i(f) = -130*f**3 - f**2 - 133*f**3 - g*f + 264*f**3 + 2. Give i(3).
5
Suppose -3*d = -4 + 88. Let n = d + 28. Let a(r) = r**3 - r**2 + r - 10. Give a(n).
-10
Let y = 6 + -12. Let m(a) = 6*a**3 - 22*a**2 + 4*a - 7*a**3 + 17*a**2 - 3. Determine m(y).
9
Let m(v) = v**3 + 13*v**2 + 12*v. Suppose p - 43 = 4*o, -4*p - 65 = 5*o - 3*p. Calculate m(o).
0
Suppose 2*d + 21 - 17 = -2*h, h - d = 4. Let j(s) = 3*s**3. Calculate j(h).
3
Let u(n) = n - 22. Suppose -706*w + 709*w - 51 = 0. Determine u(w).
-5
Let l(j) = 2 - 2 - 2*j**2. Let z be (-22)/(-10) + 2/(-10). Suppose -2 = -z*y - 0. What is l(y)?
-2
Let g = 39 + -27. Let n(x) = g*x + 2*x + x - 6*x - 2. What is n(2)?
16
Let m(j) = j + 5. Let d(p) = -9*p + 45. Let r be d(4). Give m(r).
14
Let s = 24 + -18. Let a(z) = 8 - 2*z - z**2 - z - s + 4*z. What is a(0)?
2
Let c(o) = -5*o**2 - 47*o - 32. Let v(k) = -3*k**2 - 29*k - 21. Let x(z) = 5*c(z) - 8*v(z). Let f be (-19)/(-2) + 2/4. Let n = f + -16. Give x(n).
-10
Let f(q) = q**2 + 12*q + 28. Let x(j) = 2*j**3 - 78*j**2 - 82*j + 72. Let t be x(40). Determine f(t).
-4
Let s(b) be the third derivative of -b**6/360 - b**5/15 - 7*b**4/24 - 2*b**3 - 7*b**2. Let m(v) be the first derivative of s(v). Give m(-7).
0
Let j(g) = -g**2 - 11*g + 7. Let m(a) = 5*a - 202. Let o be m(38). What is j(o)?
-5
Suppose 10*k + 4*q + 24 = 11*k, q + 1 = -k. Let x(a) = a**3 - 5*a**2 + 7*a + 6. Let l(f) = f + 1. Let u(c) = -2*l(c) + x(c). What is u(k)?
8
Let t(j) be the first derivative of -9*j + 1/2*j**2 - 26 + 0*j**3 - 1/4*j**4. What is t(0)?
-9
Let p(g) be the third derivative of -g**5/60 + 7*g**4/24 - 2*g**3/3 - 23*g**2. What is p(5)?
6
Let v = -40 + 20. Let d = -18 - v. Let i(g) = -2*g**2 + g + 1. What is i(d)?
-5
Suppose 3*x = 6 + 6. Suppose -2*t = 5*s + 51, 0 = -5*s + 4*t + 15 - 48. Let z = s + x. Let f(w) = w**2 + 7*w - 2. Determine f(z).
-12
Suppose 23*u + 250 - 43 = 0. Let i(z) = -z - 17. What is i(u)?
-8
Let a(m) = -11*m**2 + 2*m + 1. Let k(p) = -35*p**2 + p + 1. Let t be k(1). Let z = -34 - t. Determine a(z).
-12
Let r(b) = -b**3 - b**2 - 1. Let p(d) = -3*d**3 + 7*d**2 + d - 14. Let z(k) = p(k) - 2*r(k). What is z(9)?
-3
Suppose -3*q + l + 15 = 0, -13 + 31 = 4*q - 2*l. Let g(y) = 2*y - 10. Determine g(q).
2
Suppose 2*m - 5*v = 0, 3*m + v = -4*v + 25. Let d(u) = -2*u**2 + 5*u + 3. Give d(m).
-22
Let w be (-8)/8 + 11 - 3. Let r(o) be the third derivative of o**6/120 - o**5/10 - 7*o**4/24 - 7*o**3/6 - o**2. What is r(w)?
-7
Let u(g) = 37*g**2 + 7*g + 9. Let b(q) = 80*q**2 + 14*q + 19. Let v(x) = 6*b(x) - 13*u(x). Suppose -4*t + 2*t + 4 = 0, 4*c + 16 = -4*t. Calculate v(c).
3
Let x(n) = 9*n**3 + n**2 - 1. Let p be x(1). Let s = p + -14. Let a(m) = -m**2 - 4*m + 2. Let q(l) = l**2 + 4*l. Let r(k) = 3*a(k) + 2*q(k). Calculate r(s).
1
Let c(m) = -11171 + 2*m + 11109 - 6*m. Give c(-16).
2
Suppose -3*j + 8 = -4*z, -5*j - 10 = -10*j + 5*z. Let v(d) = -d - 5. What is v(j)?
-5
Let f(y) = 5*y - 18*y**2 + 9*y**2 + 2 + 10*y**2. Determine f(-4).
-2
Let o(q) = q + 1. Let f(h) = -3*h - 6. Let r(j) = f(j) + 2*o(j). Suppose 3*i + 23 = 2*p - 48, -3*i = 4*p + 101. Let l = -29 - i. Give r(l).
-2
Let g(u) = -20*u**3 + 2*u**2 - 3*u**3 - 1 - 2*u**3 + 11*u**3. Let h be -2*(3/2)/(-1). Suppose -5 + 2 = -h*l. Determine g(l).
-13
Let c(i) = -i**3 + 6*i**2 - 7*i + 5. Suppose -3*x - 2 = -5. Suppose 3*n - 5*l - x = 36, 4*n - l - 21 = 0. Determine c(n).
9
Suppose -6*x + 12 = -0*x. Let o(a) = -x*a**2 + a**2 - 2*a**2 - 3*a + a**3 + 5*a**2 + 4. Calculate o(-3).
4
Let x(a) = 15*a - 22. Let s(z) = -13*z + 20. Let b(g) = 7*s(g) + 6*x(g). Calculate b(6).
2
Let f(s) be the second derivative of 5*s**3/6 + 7*s**2 + 10*s. Let q be f(-4). Let n(d) = -d - 2. Calculate n(q).
4
Let j = 35 - 34. Let x(f) = 11*f - 16*f + 27*f + 2*f. Determine x(j).
24
Let t = 46 + -43. Let q(j) = -23 + 4*j + 0*j**t + 24 + 4*j**2 + j**3. Give q(-3).
-2
Let h(c) be the second derivative of -c**3/6 - 30*c - 2. Suppose -4*d - 27 = 3*f + d, 0 = -3*f + 5*d + 3. What is h(f)?
4
Suppose -6*f - 27 = -3*f. Let v(n) = 3*n**2 + 26*n + 18. Let d(i) = 2*i**2 + 17*i + 12. Let k(u) = -7*d(u) + 5*v(u). Calculate k(f).
-12
Let p(r) = -9*r**3 - 15*r**2 + r + 6. Let h(n) = -4*n**3 - 7*n**2 + 3. Let w(j) = 7*h(j) - 3*p(j). Let b = -78 - -74. Calculate w(b).
15
Suppose 4 + 5 = 3*q. Let f = 3 + q. Let k(a) = -2 + 3*a**2 - a**2 + a**3 + a**2 - f*a. Give k(-4).
6
Let n = -54 + 55. Let v(i) = -1. Let s(u) = -4*u - 10. Let z(k) = n*s(k) - 4*v(k). Give z(-4).
10
Let m(d) = d - 1 + 0*d**3 + 3*d**2 - 5*d**3 - 4*d**2. Let o(p) = p**3 - 12*p**2 - 12*p - 3. Let h be o(13). Let l = 11 - h. What is m(l)?
-6
Let n(l) = 8*l**3 - 46*l**2 - 14*l - 20. Let v(z) = 7*z**3 - 38*z**2 - 14*z - 21. Let g(h) = -6*n(h) + 7*v(h). Give g(-11).
6
Let v(p) = 6*p**3 + 2*p**2 - 3*p + 7. Let m(n) = -5*n**3 - n**2 + 2*n - 5. Let w(f) = -5*m(f) - 4*v(f). Determine w(2).
-3
Let p be 24/((-2)/(-2 - -4)). Let v = -2 - p. Suppose 5*i = 13 + v. Let a(m) = m**2 - 4*m - 7. Calculate a(i).
14
Let f